{"id":16,"date":"2014-03-26T22:15:08","date_gmt":"2014-03-26T22:15:08","guid":{"rendered":"http:\/\/its-conf.org\/2014\/?page_id=16"},"modified":"2025-05-09T12:37:23","modified_gmt":"2025-05-09T12:37:23","slug":"committees","status":"publish","type":"page","link":"https:\/\/www.ehealth-conf.org\/oldconferences\/2025\/committees\/","title":{"rendered":"Committees"},"content":{"rendered":"<p><strong>Program\u00a0Chair<\/strong><\/p>\n<p>Pedro Isaias, Universidade Aberta (Portuguese Open University), Portugal<\/p>\n<p>&nbsp;<\/p>\n<p><strong>MCCSIS General Conference Chair<\/strong><\/p>\n<p>Piet Kommers, UNESCO Professor of Educational Technology, The Netherlands<\/p>\n<p>&nbsp;<\/p>\n<p><strong>Committee Members*<\/strong><\/p>\n<p>Adnan Jouned, Medical University Of Vienna, Austria<br \/>\nAhmed Aljabbary, King Fahad National Guard Hospital, Saudi Arabia<br \/>\nEhsan Bitaraf, Iran University Of Medical Sciences, Iran<br \/>\nElizabeth Krupinski, Emory University, United States<br \/>\nEnzo Pasquale Scilingo, University Of Pisa, Italy<br \/>\nEric Campo, Laas-cnrs, France<br \/>\nFatemeh Sarani Rad, North Dakota State University, United States<br \/>\nFrederic Bousefsaf, Universit\u00e9 De Lorraine, France<br \/>\nJesuk Ko, Universidad Mayor de San Andres (UMSA), Bolivia<br \/>\nJos\u00e9 Luis Bayo Monton, Universitat Polit\u00e8cnica De Val\u00e8ncia, Spain<br \/>\nKarla Felix Navarro, University of Montreal, Canada<br \/>\nLarbi Boubchir, Liasd &#8211; University Of Paris 8, France<br \/>\nLaurent Billonnet, Ensil &#8211; Universit\u00e9 De Limoges, France<br \/>\nLenka Lhotska, Czech Technical University in Prague, Czech Republic<br \/>\nMalina Jordanova, Bulgarian Academy of Sciences, Bulgaria<br \/>\nMariusz Duplaga, Jagiellonian University Medical College, Poland<br \/>\nMartin Beer, Sheffield Hallam University, United Kingdom<br \/>\nMaryam Jafarpour, Medical University Of Vienna, Austria<br \/>\nMaurice Mars, University of KwaZulu-Natal, South Africa<br \/>\nMiroslaw Mazurek, Rzeszow University Of Technology, Poland<br \/>\nPanos Liatsis, Khalifa University, United Arab Emirates<br \/>\nPedro Pablo Escobar, Intelymec Group, UNCPBA, Argentina<br \/>\nRoberto Hornero, University Of Valladolid, Spain<br \/>\nSalvatore Flavio Pileggi, University of Technology Sydney, Australia<br \/>\nShabbir Syed Abdul, Taipei Medical University And National Yang Ming University, Taiwan<br \/>\nVivian Vimarlund, Link\u00f6pings University, Sweden<br \/>\nXiaohong Gao, Middlesex University, United Kingdom<\/p>\n<p>&nbsp;<\/p>\n<p>*committee members are being invited<\/p>\n","protected":false},"excerpt":{"rendered":"<p>Program\u00a0Chair Pedro Isaias, Universidade Aberta (Portuguese Open University), Portugal &nbsp; MCCSIS General Conference Chair Piet Kommers, UNESCO Professor of Educational Technology, The Netherlands &nbsp; Committee Members* Adnan Jouned, Medical University Of Vienna, Austria Ahmed Aljabbary, King Fahad National Guard Hospital, Saudi Arabia Ehsan Bitaraf, Iran University Of Medical Sciences, Iran Elizabeth Krupinski, Emory University, United [&hellip;]<\/p>\n","protected":false},"author":1,"featured_media":0,"parent":0,"menu_order":0,"comment_status":"closed","ping_status":"closed","template":"","meta":{"footnotes":""},"class_list":["post-16","page","type-page","status-publish","hentry"],"_links":{"self":[{"href":"https:\/\/www.ehealth-conf.org\/oldconferences\/2025\/wp-json\/wp\/v2\/pages\/16","targetHints":{"allow":["GET"]}}],"collection":[{"href":"https:\/\/www.ehealth-conf.org\/oldconferences\/2025\/wp-json\/wp\/v2\/pages"}],"about":[{"href":"https:\/\/www.ehealth-conf.org\/oldconferences\/2025\/wp-json\/wp\/v2\/types\/page"}],"author":[{"embeddable":true,"href":"https:\/\/www.ehealth-conf.org\/oldconferences\/2025\/wp-json\/wp\/v2\/users\/1"}],"replies":[{"embeddable":true,"href":"https:\/\/www.ehealth-conf.org\/oldconferences\/2025\/wp-json\/wp\/v2\/comments?post=16"}],"version-history":[{"count":116,"href":"https:\/\/www.ehealth-conf.org\/oldconferences\/2025\/wp-json\/wp\/v2\/pages\/16\/revisions"}],"predecessor-version":[{"id":2475,"href":"https:\/\/www.ehealth-conf.org\/oldconferences\/2025\/wp-json\/wp\/v2\/pages\/16\/revisions\/2475"}],"wp:attachment":[{"href":"https:\/\/www.ehealth-conf.org\/oldconferences\/2025\/wp-json\/wp\/v2\/media?parent=16"}],"curies":[{"name":"wp","href":"https:\/\/api.w.org\/{rel}","templated":true}]}}